e 11) to base 12.
-27
12 (base 12) to base 14
10
Convert -210 (base 7) to base 2.
-1101001
Convert 155 (base 7) to base 5.
324
150 (base 8) to base 13
80
-137 (base 10) to base 6
-345
What is 17 (base 8) in base 3?
120
-1 (base 5) to base 4
-1
4 (base 7) to base 9
4
-36 (base 10) to base 7
-51
-1010 (base 4) to base 2
-1000100
What is 21 (base 12) in base 3?
221
Convert 2 (base 9) to base 5.
2
2 (base 7) to base 16
2
Convert 2 (base 4) to base 13.
2
-2 (base 16) to base 14
-2
What is -15 (base 8) in base 4?
-31
What is -2 (base 7) in base 13?
-2
What is 3 (base 11) in base 3?
10
2 (base 6) to base 14
2
1 (base 9) to base 4
1
Convert 43 (base 8) to base 4.
203
-3 (base 15) to base 6
-3
What is 1031 (base 4) in base 14?
57
What is -3121 (base 5) in base 8?
-633
What is -9 (base 12) in base 13?
-9
Convert -314 (base 7) to base 14.
-b4
What is -11 (base 11) in base 12?
-10
What is 347 (base 9) in base 4?
10132
What is -7 (base 9) in base 10?
-7
What is -152 (base 6) in base 15?
-48
What is 121 (base 5) in base 8?
44
Convert -401 (base 7) to base 2.
-11000101
1 (base 5) to base 11
1
What is -51 (base 7) in base 4?
-210
What is 8 (base 11) in base 6?
12
What is 3a (base 13) in base 11?
45
What is 43 (base 16) in base 9?
74
What is -1a (base 13) in base 16?
-17
1 (base 6) to base 11
1
Convert -4 (base 10) to base 16.
-4
What is -148 (base 14) in base 5?
-2020
Convert 4 (base 7) to base 2.
100
Convert 114 (base 7) to base 9.
66
What is -101001000 (base 2) in base 11?
-279
Convert -10 (base 14) to base 12.
-12
100 (base 2) to base 16
4
What is -101 (base 3) in base 16?
-a
What is -5 (base 8) in base 2?
-101
What is 2 (base 4) in base 13?
2
What is -3 (base 5) in base 11?
-3
-9 (base 15) to base 4
-21
-2 (base 10) to base 6
-2
Convert -1 (base 13) to base 4.
-1
-32 (base 14) to base 16
-2c
Convert -4 (base 6) to base 5.
-4
What is -2020 (base 3) in base 6?
-140
1b (base 14) to base 3
221
Convert -8 (base 16) to base 9.
-8
What is 65 (base 7) in base 8?
57
What is -157 (base 8) in base 12?
-93
252 (base 8) to base 4
2222
Convert -1 (base 6) to base 9.
-1
-10002 (base 3) to base 5
-313
3a (base 14) to base 6
124
Convert 21 (base 11) to base 16.
17
1 (base 8) to base 7
1
What is -4 (base 9) in base 10?
-4
10d (base 15) to base 5
1423
What is -8 (base 13) in base 16?
-8
What is 51 (base 7) in base 12?
30
What is 71 (base 11) in base 16?
4e
What is 2 (base 3) in base 6?
2
What is 50 (base 10) in base 14?
38
Convert 12132 (base 4) to base 12.
2a6
What is 102 (base 3) in base 11?
10
Convert 1001 (base 2) to base 15.
9
What is 2 (base 11) in base 2?
10
315 (base 9) to base 2
100000001
-64 (base 12) to base 7
-136
What is c (base 16) in base 9?
13
What is 112 (base 6) in base 8?
54
Convert -12 (base 9) to base 15.
-b
What is -2 (base 5) in base 14?
-2
10 (base 15) to base 3
120
-2e (base 16) to base 8
-56
What is 58 (base 12) in base 9?
75
What is -1 (base 11) in base 10?
-1
What is -10110 (base 2) in base 10?
-22
Convert 10011010 (base 2) to base 4.
2122
Convert 98 (base 14) to base 3.
11222
What is 121 (base 6) in base 15?
34
What is -3 (base 11) in base 15?
-3
What is -72 (base 11) in base 16?
-4f
What is -3011 (base 4) in base 16?
-c5
What is 6 (base 7) in base 14?
6
What is 1 (base 2) in base 9?
1
Convert -1 (base 8) to base 15.
-1
Convert 0 (base 13) to base 11.
0
What is 3d (base 14) in base 4?
313
3 (base 15) to base 12
3
Convert 17 (base 9) to base 12.
14
Convert 100000100 (base 2) to base 10.
260
Convert -21 (base 10) to base 12.
-19
Convert 10121 (base 3) to base 12.
81
Convert -7 (base 14) to base 6.
-11
What is 4 (base 7) in base 14?
4
Convert -100 (base 4) to base 13.
-13
Convert -23 (base 4) to base 11.
-10
Convert 220 (base 3) to base 6.
40
Convert -1421 (base 5) to base 7.
-455
What is 145 (base 7) in base 16?
52
0 (base 7) to base 6
0
Convert -12 (base 8) to base 11.
-a
Convert -8 (base 12) to base 16.
-8
Convert 1 (base 14) to base 11.
1
What is -20 (base 6) in base 3?
-110
230 (base 4) to base 11
40
Convert -6 (base 7) to base 4.
-12
102 (base 7) to base 13
3c
What is -11 (base 12) in base 3?
-111
45 (base 8) to base 14
29
Convert -27 (base 10) to base 16.
-1b
What is -1112 (base 4) in base 13?
-68
What is 8 (base 16) in base 8?
10
64 (base 11) to base 7
130
What is 1001 (base 2) in base 15?
9
What is -73 (base 10) in base 14?
-53
What is 77 (base 14) in base 6?
253
Convert -61 (base 8) to base 10.
-49
Convert 1 (base 5) to base 8.
1
Convert -321 (base 5) to base 15.
-5b
What is -16 (base 15) in base 9?
-23
2 (base 9) to base 14
2
Convert -2 (base 7) to base 16.
-2
What is -3 (base 6) in base 13?
-3
Convert -2302 (base 4) to base 11.
-152
0 (base 16) to base 12
0
27 (base 16) to base 12
33
0 (base 16) to base 3
0
What is -11 (base 4) in base 2?
-101
2a (base 13) to base 9
40
What is 56 (base 7) in base 13?
32
Convert 1000 (base 2) to base 6.
12
Convert -2 (base 6) to base 8.
-2
What is 3 (base 13) in base 2?
11
3 (base 14) to base 16
3
17 (base 8) to base 10
15
Convert 100 (base 2) to base 10.
4
What is 38 (base 11) in base 16?
29
-110 (base 2) to base 14
-6
Convert -5 (base 12) to base 10.
-5
-12 (base 15) to base 4
-101
What is 3 (base 11) in base 2?
11
What is -37 (base 10) in base 7?
-52
What is -82 (base 9) in base 15?
-4e
-7 (base 16) to base 9
-7
Convert -4 (base 11) to base 14.
-4
What is -15 (base 7) in base 6?
-20
What is 26 (base 16) in base 13?
2c
What is -10 (base 5) in base 6?
-5
What is -3 (base 16) in base 2?
-11
545 (base 7) to base 8
426
-26 (base 8) to base 16
-16
What is -10 (base 16) in base 13?
-13
0 (base 5) to base 8
0
Convert 5 (base 10) to base 12.
5
Convert -3 (base 14) to base 5.
-3
-14 (base 10) to base 8
-16
-42 (base 8) to base 6
-54
What is -184 (base 10) in base 14?
-d2
Convert -32 (base 12) to base 2.
-100110
Convert -102 (base 7) to base 12.
-43
What is -1 (base 10) in base 15?
-1
Convert -8 (base 14) to base 9.
-8
Convert 1 (base 11) to base 5.
1
0 (base 13) to base 7
0
What is -4 (base 7) in base 13?
-4
-11011 (base 2) to base 11
-25
-23 (base 4) to base 8
-13
What is -3 (base 4) in base 15?
-3
8 (base 12) to base 6
12
-101 (base 10) to base 15
-6b
What is -3 (base 6) in base 3?
-10
41 (base 13) to base 9
58
Convert 212 (base 5) to base 10.
57
-2 (base 14) to base 4
-2
Convert -37 (base 8) to base 12.
-27
7 (base 16) to base 8
7
2 (base 9) to base 16
2
-11 (base 2) to base 13
-3
Convert 1 (base 10) to base 2.
1
Convert 11 (base 3) to base 7.
4
Convert 7 (base 12) to base 2.
111
Convert 2 (base 7) to base 5.
2
46 (base 12) to base 14
3c
Convert 31 (base 9) to base 7.
40
Convert 9 (base 10) to base 15.
9
What is 1110110 (base 2) in base 14?
86
Convert -3 (base 10) to base 2.
-11
Convert -131 (base 10) to base 4.
-2003
-1 (base 3) to base 10
-1
1 (base 16) to base 2
1
What is -2 (base 10) in base 13?
-2
Convert -61 (base 11) to base 12.
-57
What is -79 (base 12) in base 9?
-113
Convert -1 (base 11) to base 7.
-1
What is 0 (base 6) in base 4?
0
Convert -423 (base 7) to base 9.
-256
Convert -326 (base 8) to base 12.
-15a
Convert 141 (base 16) to base 5.
2241
Convert -24 (base 11) to base 8.
-32
24 (base 8) to base 14
16
-6c (base 14) to base 15
-66
What is -1201 (base 3) in base 8?
-56
-45 (base 7) to base 2
-100001
32 (base 11) to base 16
23
Convert -4 (base 13) to base 16.
-4
What is -20 (base 3) in base 11?
-6
1 (base 16) to base 4
1
What is -185 (base 10) in base 9?
-225
What is -3 (base 4) in base 12?
-3
What is -11011011 (base 2) in base 16?
-db
Convert -1 (base 15) to base 14.
-1
0 (base 13) to base 12
0
Convert 12 (base 6) to base 16.
8
What is -223 (base 4) in base 8?
-53
Convert -c (base 16) to base 3.
-110
What is 4 (base 13) in base 8?
4
What is -a (base 14) in base 6?
-14
3 (base 11) to base 5
3
Convert -285 (base 9) to base 13.
-155
Convert -23 (base 15) to base 5.
-113
What is 0 (base 10) in base 13?
0
12 (base 12) to base 6
22
-56 (base 14) to base 2
-1001100
20 (base 6) to base 9
13
Convert -2 (base 6) to base 2.
-10
Convert -2 (base 14) to base 6.
-2
Convert 1 (base 7) to base 6.
1
What is -a (base 14) in base 6?
-14
10 (base 3) to base 4
3
3 (base 16) to base 3
10
What is -4 (base 7) in base 10?
-4
Convert -10 (base 6) to base 16.
-6
What is -4 (base 7) in base 9?
-4
102 (base 7) to base